 6, -p*c = 2*f + 4. Suppose -f*n + 32 = -2*w + 5*w, 45 = 5*w - 5*n. List the prime factors of w.
2, 5
Suppose 5*h - 390 - 700 = 0. Suppose -3*y - 3*q + h = -2*y, 5*y - 1134 = -4*q. List the prime factors of y.
2, 5, 23
Let b(f) = f**3 + 6*f**2 + 3*f + 6. Let c be b(-6). Let q = c - -36. List the prime factors of q.
2, 3
Suppose 0*d = 5*u + 4*d - 1510, -5*d - 1208 = -4*u. What are the prime factors of u?
2, 151
Let x(u) = u**2 + 7*u - 10. Let f be x(-9). Suppose -f = -p - 6. Let r(m) = 3*m**3 - 2*m + 1. List the prime factors of r(p).
3, 7
Let h(v) = 6*v**2 + 5*v + 1. Suppose -o - 9 = 2*o. Let y be h(o). Suppose f + 7 = y. What are the prime factors of f?
3, 11
Let c(j) = j**2 - 7*j - 20. Let l be c(9). Let n be (3 - 1)*l - -40. Suppose -2*q = 2*s - n, 0 = 3*q + 5*s + 14 - 76. List the prime factors of q.
2, 7
Let n be 2/15 - 273/(-315). Let h be 3 + 1 + n/(-1). Suppose h*x - 4*f - 58 = 0, -x = 3*f - 14 - 1. What are the prime factors of x?
2, 3
Let l(b) be the third derivative of -b**4/6 + 34*b**3/3 + 22*b**2. List the prime factors of l(0).
2, 17
Suppose -339*h - 4730 = -340*h. What are the prime factors of h?
2, 5, 11, 43
Let n(p) = -p**3 + 12*p**2 - 9*p - 23. Let i be n(11). List the prime factors of (54 - i) + (1 - (-1 + -1)).
2, 29
Let z(q) = -4*q**2 + 24*q + 14. Let r be z(6). Let h be 1*2 + (2 - 1). Let d = r + h. What are the prime factors of d?
17
Let v = 598 + -370. What are the prime factors of v?
2, 3, 19
Let u be (1 + -71)/(50/(-525)). Suppose 21 = 3*d - u. List the prime factors of d.
2, 3, 7
Let m(y) = -13*y + 41. List the prime factors of m(-7).
2, 3, 11
Let y(q) = 247*q + 171. List the prime factors of y(4).
19, 61
Suppose 2*i + 7 = 1. Let q be -2 + 2 + i + 55. Suppose q = 5*f - 68. What are the prime factors of f?
2, 3
What are the prime factors of (-1)/(2535/634 - 4)?
2, 317
Let j(d) = d + 11. Let t(x) = -x**2 - 2*x + 12. Let f be t(-7). Let o = f - -14. List the prime factors of j(o).
2
Suppose -1158 - 1306 = -11*b. List the prime factors of b.
2, 7
Let p(q) = -6*q - 3. Let j(n) = 6 + n + 11*n + 2*n - 3*n. Let x(u) = 4*j(u) + 9*p(u). List the prime factors of x(-3).
3
Let g be (-10 + 17)*4/14. Let t be (-88)/(-10) - g/(-10). Suppose -2*u = 4*h - 22, -h = 2*h + t. What are the prime factors of u?
17
Let l(w) = -2*w**2 - 3*w - 37. Let p(z) = z**2 + z + 18. Let d(c) = 4*l(c) + 9*p(c). List the prime factors of d(0).
2, 7
Suppose -27 + 2 = -5*t. Suppose 144 + 186 = t*f - 5*x, -2*x + 330 = 5*f. Suppose f = r + 2*r. List the prime factors of r.
2, 11
Let p(w) = 3*w - 6. Let u be p(3). Suppose 116 = 4*b + 2*d - 50, u*b - 92 = 5*d. List the prime factors of b.
3, 13
Suppose r = -27 + 317. Let m = r + -18. List the prime factors of m.
2, 17
Let h(b) = 2*b**3 - b**2 - 3*b + 3. Let j(c) = -9*c**3 + 6*c**2 + 15*c - 15. Let t(x) = 21*h(x) + 4*j(x). What are the prime factors of t(2)?
3, 19
Let n be (16/(-20))/((-2)/5). Let l be n/2 + -2 + 3. Suppose k = -l + 4. What are the prime factors of k?
2
Suppose i - 5*s = 5*i + 39, 3*i + 4*s + 30 = 0. Let f = -3 - i. Suppose -f*p + 60 = p. What are the prime factors of p?
3, 5
Let m(f) be the third derivative of f**6/120 + 11*f**5/60 - 13*f**4/24 - 3*f**3/2 - 2*f**2. Let x be m(-12). What are the prime factors of (-12)/(-9) + 146/x?
2, 5
Suppose 9*k - 8*k - 895 = 0. Suppose 8*l = k - 95. List the prime factors of l.
2, 5
Let f(b) = b**3 - b + 8. List the prime factors of f(10).
2, 499
Let a(c) = c**2 + 3*c + 1. Let v be a(-3). Let r = -22 + v. Let g = 29 - r. What are the prime factors of g?
2, 5
Let k be (-124)/(-44) + 2/11. Let j be (-7 + k)*(-15)/6. What are the prime factors of ((-152)/j)/((-4)/10)?
2, 19
List the prime factors of (-102720)/(-300) - (-1 - (-2)/5).
7
What are the prime factors of (2 - 16)*3740/(-154)?
2, 5, 17
Let v(w) = 2*w**2 + 5*w + 12. Let o be v(12). Suppose 8*q = 664 + o. List the prime factors of q.
2
Let n(x) = 3*x**2 + 21*x - 2. Let f be n(-7). List the prime factors of -6*(-123)/f*2/(-6).
3, 41
Let h be (1 - (2 - 4))*97. Let j = h - 208. What are the prime factors of j?
83
List the prime factors of 46172/153 - ((-24)/27)/4.
2, 151
What are the prime factors of 4/(-8) + 1492/8?
2, 3, 31
Let l = -1 - -1. Suppose 41*q + 120 = 49*q. Suppose 0 = -l*m + 3*m - q, m = 2*i - 27. List the prime factors of i.
2
List the prime factors of (0 - -1)*1*1340.
2, 5, 67
Suppose 0 = -v + u - 3*u + 207, -3*v = -3*u - 630. Let s(j) = j - 209 + v + 12*j**2. What are the prime factors of s(1)?
13
Suppose l - 5*l + v = -2, -3*l = 3*v - 9. Let i(a) = 72*a**2 + 3*a - 2. What are the prime factors of i(l)?
73
Let h = 744 - -213. List the prime factors of h.
3, 11, 29
Let t be 245/2*(-16)/(-20). Let p = 195 - t. What are the prime factors of p?
97
Let b(h) = 127 - 59 - 66 + 14*h. What are the prime factors of b(3)?
2, 11
Let k = 563 - 393. List the prime factors of k.
2, 5, 17
Let b = -6 - -1. Let j(g) = 3*g - 2. Let p(d) = d. Let x(h) = -j(h) + 2*p(h). List the prime factors of x(b).
7
Let q be 0/2 + 4 + 12. Suppose -7*p = -8*p + q. List the prime factors of p.
2
Let s be 4 - 2373/(-14) - 1/(-2). Suppose -s = -3*f - 2*a, -2*f - a - 78 = -194. List the prime factors of f.
2, 29
Let t(v) = 8*v**3 + 6*v**2 - 10*v + 8. What are the prime factors of t(4)?
2, 3
Suppose -4*n + 2*n = z - 236, 4*n + 1110 = 5*z. What are the prime factors of z?
2, 113
Let j(w) = 12*w**2 + w. Let t be j(-1). Let r = t - 2. List the prime factors of r.
3
Suppose 3*p = -2*j + 857, 5*j + 0*p - 2130 = 5*p. List the prime factors of j.
7, 61
Let c(u) = 1. Let o(z) = 2*z + 18. Let v(r) = 5*c(r) - o(r). List the prime factors of v(-13).
13
Let a(k) = -10*k**3 - 2*k**2 - 3*k - 1. Let i be a(-2). Suppose 2*v + 6 = 0, -5*b + 2*v = -2*v - i. What are the prime factors of b?
13
Let w(o) = -o. Let r(t) = 6. Let j(i) = 2*r(i) - 4*w(i). List the prime factors of j(7).
2, 5
Let g(t) = -21*t + 113. What are the prime factors of g(-9)?
2, 151
Let n(q) = q**2 - 10*q - 6. Let c be n(11). Suppose -c*w + 18 = 3. List the prime factors of w.
3
Let r(k) = 2*k + 14. Let c be r(-7). Suppose -60 = -c*y - 3*y. List the prime factors of y.
2, 5
Let v(m) = 17*m**2 - 24*m + 82. What are the prime factors of v(10)?
2, 3, 257
Let s be -4*(45/(-4) - -4). Let x = -6 + s. List the prime factors of x.
23
Let j = 256 - 220. What are the prime factors of j?
2, 3
Let y(l) be the third derivative of l**6/120 + 3*l**5/20 + 13*l**4/24 - 4*l**3/3 + 8*l**2. Let s be 14/(-2) + 2/2. What are the prime factors of y(s)?
2, 11
Suppose 0 = s + 5*k - 764, 2*s - 4*k = 4*s - 1528. List the prime factors of s.
2, 191
Suppose 6*o + 5*u - 1911 = 3*o, 3*o - 1905 = -3*u. What are the prime factors of o?
2, 79
Let l = 6635 + -3945. List the prime factors of l.
2, 5, 269
Let b be (12*-1)/(-4) - 17. Let w(m) = m**3 + 14*m**2 - 2*m + 29. What are the prime factors of w(b)?
3, 19
Let x be 77 - (3 + -2 + 0). Suppose x = h - 2. What are the prime factors of h?
2, 3, 13
Let s be 5 + (-3 - 3) + 3. What are the prime factors of 145/(-10)*(s + 6*-1)?
2, 29
Let a = -120 - -92. Let f(d) = d**2 + 24*d - 56. List the prime factors of f(a).
2, 7
Let p(t) = 2*t**2 - 9*t + 4. Let r be p(6). Let k = -113 - -145. Let w = k - r. List the prime factors of w.
2, 5
Let g be 162/12 - 1/(-2). Let y be g/((0 + -4)/(-40)). Suppose 0*i = 5*i - y. What are the prime factors of i?
2, 7
Let k = -315 - -318. List the prime factors of k.
3
Suppose 3*h = -a + 44, 0 = -2*a + 5*h - 22 + 121. Let b = 38 + a. List the prime factors of b.
5, 17
Let w(q) = q**3 + 3*q**2 + q + 9. Let h be w(-3). What are the prime factors of (-3965)/(-39) + 2/h?
2, 3, 17
Let v = -29 + -52. Let z = -48 - v. List the prime factors of z.
3, 11
List the prime factors of 4/(-48) + (-5 - 98225/(-60)).
2, 3, 17
Let b be 2/(-5) + (-93)/5. Suppose 0 = -15*z + 14*z + 40. Let q = z + b. What are the prime factors of q?
3, 7
Let l(n) = -69*n. Let f be l(-1). Suppose 5*u = 0, -2*u - 3 = -2*r + f. What are the prime factors of r?
2, 3
Let z(b) = -b**2 + 2*b + 3. Let p be z(3). Suppose -3*q = -114 - p. List the prime factors of q.
2, 19
Let x = -3816 + 8290. What are the prime factors of x?
2, 2237
Let s = -2 - 31. Let y = s + 72. What are the prime factors of y?
3, 13
Let v(w) = -8*w**2 + 18*w + 1. Let b be v(4). Let q be (98/6)/(2/12). Let z = 